{"id":54,"date":"2021-07-13T22:39:31","date_gmt":"2021-07-13T20:39:31","guid":{"rendered":"https:\/\/pfadfinther.de\/v1\/?page_id=54"},"modified":"2024-01-12T08:36:35","modified_gmt":"2024-01-12T07:36:35","slug":"unterwegs","status":"publish","type":"page","link":"https:\/\/pfadfinther.de\/v1\/unterwegs\/","title":{"rendered":"Unterwegs"},"content":{"rendered":"\n<p>F\u00fcr einen Pfadfinder der Deutschen Pfadfinderschaft Sankt Georg (DPSG) bedeutet &#8222;Unterwegs&#8220; zu sein, eine facettenreiche Reise durch Abenteuer, Teamarbeit und pers\u00f6nliche Entwicklung. Auf Hikes durchstreifen sie gemeinsam die Natur, erleben Herausforderungen und st\u00e4rken ihre F\u00e4higkeiten in Orientierung.Die Sommerlager sind H\u00f6hepunkte, in denen Pfadfinder tiefe Freundschaften kn\u00fcpfen, Lagerfeuergeschichten teilen und sich in Gemeinschaftsprojekten beweisen. Hier steht nicht nur die Natur im Fokus, sondern auch die F\u00f6rderung von sozialen Kompetenzen und Verantwortungsbewusstsein.Die Teilnahme an Aktionen auf Bezirks- und Bistumsebene er\u00f6ffnet den Pfadfindern die M\u00f6glichkeit, sich \u00fcber ihre Gruppen hinaus zu vernetzen. Gemeinschaftliche Projekte und Veranstaltungen f\u00f6rdern den Austausch von Ideen und das Zusammenwachsen der Pfadfinderschaft auf einer breiteren Ebene.Insgesamt steht das &#8222;Unterwegs&#8220; sein f\u00fcr die DPSG f\u00fcr eine lebendige Reise, auf der die Pfadfinder nicht nur die Welt um sich herum entdecken, sondern auch ihre eigenen F\u00e4higkeiten, Werte und ihre Rolle in der Gemeinschaft reflektieren und weiterentwickeln.<\/p>\n\n\n\n<p><a href=\"https:\/\/pfadfinther.de\/v1\/hajk\/\" data-type=\"link\" data-id=\"https:\/\/pfadfinther.de\/v1\/hajk\/\">Hajk<\/a><\/p>\n\n\n\n<p><a href=\"https:\/\/pfadfinther.de\/v1\/sommerlager\/\" data-type=\"link\" data-id=\"https:\/\/pfadfinther.de\/v1\/sommerlager\/\">Sommerlager<\/a><\/p>\n","protected":false},"excerpt":{"rendered":"<p>F\u00fcr einen Pfadfinder der Deutschen Pfadfinderschaft Sankt Georg (DPSG) bedeutet &#8222;Unterwegs&#8220; zu sein, eine facettenreiche Reise durch Abenteuer, Teamarbeit und pers\u00f6nliche Entwicklung. Auf Hikes durchstreifen sie gemeinsam die Natur, erleben Herausforderungen und st\u00e4rken ihre F\u00e4higkeiten in Orientierung.Die Sommerlager sind H\u00f6hepunkte, in denen Pfadfinder tiefe Freundschaften kn\u00fcpfen, Lagerfeuergeschichten teilen und sich in Gemeinschaftsprojekten beweisen. Hier steht&#8230;<\/p>\n","protected":false},"author":1,"featured_media":0,"parent":0,"menu_order":0,"comment_status":"closed","ping_status":"closed","template":"","meta":{"footnotes":""},"class_list":["post-54","page","type-page","status-publish","hentry"],"yoast_head":"<!-- This site is optimized with the Yoast SEO plugin v27.5 - https:\/\/yoast.com\/product\/yoast-seo-wordpress\/ -->\n<title>Unterwegs - DPSG Mainz-Finthen<\/title>\n<meta name=\"robots\" content=\"index, follow, max-snippet:-1, max-image-preview:large, max-video-preview:-1\" \/>\n<link rel=\"canonical\" href=\"https:\/\/pfadfinther.de\/v1\/unterwegs\/\" \/>\n<meta property=\"og:locale\" content=\"de_DE\" \/>\n<meta property=\"og:type\" content=\"article\" \/>\n<meta property=\"og:title\" content=\"Unterwegs - DPSG Mainz-Finthen\" \/>\n<meta property=\"og:description\" content=\"F\u00fcr einen Pfadfinder der Deutschen Pfadfinderschaft Sankt Georg (DPSG) bedeutet &#8222;Unterwegs&#8220; zu sein, eine facettenreiche Reise durch Abenteuer, Teamarbeit und pers\u00f6nliche Entwicklung. Auf Hikes durchstreifen sie gemeinsam die Natur, erleben Herausforderungen und st\u00e4rken ihre F\u00e4higkeiten in Orientierung.Die Sommerlager sind H\u00f6hepunkte, in denen Pfadfinder tiefe Freundschaften kn\u00fcpfen, Lagerfeuergeschichten teilen und sich in Gemeinschaftsprojekten beweisen. Hier steht...\" \/>\n<meta property=\"og:url\" content=\"https:\/\/pfadfinther.de\/v1\/unterwegs\/\" \/>\n<meta property=\"og:site_name\" content=\"DPSG Mainz-Finthen\" \/>\n<meta property=\"article:modified_time\" content=\"2024-01-12T07:36:35+00:00\" \/>\n<meta name=\"twitter:card\" content=\"summary_large_image\" \/>\n<meta name=\"twitter:label1\" content=\"Gesch\u00e4tzte Lesezeit\" \/>\n\t<meta name=\"twitter:data1\" content=\"1\u00a0Minute\" \/>\n<script type=\"application\/ld+json\" class=\"yoast-schema-graph\">{\"@context\":\"https:\\\/\\\/schema.org\",\"@graph\":[{\"@type\":\"WebPage\",\"@id\":\"https:\\\/\\\/pfadfinther.de\\\/v1\\\/unterwegs\\\/\",\"url\":\"https:\\\/\\\/pfadfinther.de\\\/v1\\\/unterwegs\\\/\",\"name\":\"Unterwegs - DPSG Mainz-Finthen\",\"isPartOf\":{\"@id\":\"https:\\\/\\\/pfadfinther.de\\\/v1\\\/#website\"},\"datePublished\":\"2021-07-13T20:39:31+00:00\",\"dateModified\":\"2024-01-12T07:36:35+00:00\",\"breadcrumb\":{\"@id\":\"https:\\\/\\\/pfadfinther.de\\\/v1\\\/unterwegs\\\/#breadcrumb\"},\"inLanguage\":\"de\",\"potentialAction\":[{\"@type\":\"ReadAction\",\"target\":[\"https:\\\/\\\/pfadfinther.de\\\/v1\\\/unterwegs\\\/\"]}]},{\"@type\":\"BreadcrumbList\",\"@id\":\"https:\\\/\\\/pfadfinther.de\\\/v1\\\/unterwegs\\\/#breadcrumb\",\"itemListElement\":[{\"@type\":\"ListItem\",\"position\":1,\"name\":\"Startseite\",\"item\":\"https:\\\/\\\/pfadfinther.de\\\/v1\\\/\"},{\"@type\":\"ListItem\",\"position\":2,\"name\":\"Unterwegs\"}]},{\"@type\":\"WebSite\",\"@id\":\"https:\\\/\\\/pfadfinther.de\\\/v1\\\/#website\",\"url\":\"https:\\\/\\\/pfadfinther.de\\\/v1\\\/\",\"name\":\"DPSG Mainz-Finthen\",\"description\":\"Pfadfinder Finthen Stamm Bruder Franz\",\"publisher\":{\"@id\":\"https:\\\/\\\/pfadfinther.de\\\/v1\\\/#organization\"},\"potentialAction\":[{\"@type\":\"SearchAction\",\"target\":{\"@type\":\"EntryPoint\",\"urlTemplate\":\"https:\\\/\\\/pfadfinther.de\\\/v1\\\/?s={search_term_string}\"},\"query-input\":{\"@type\":\"PropertyValueSpecification\",\"valueRequired\":true,\"valueName\":\"search_term_string\"}}],\"inLanguage\":\"de\"},{\"@type\":\"Organization\",\"@id\":\"https:\\\/\\\/pfadfinther.de\\\/v1\\\/#organization\",\"name\":\"DPSG Mainz-Finthen - Pfadfinther\",\"alternateName\":\"Pfadfinder Finthen Stamm Bruder Franz\",\"url\":\"https:\\\/\\\/pfadfinther.de\\\/v1\\\/\",\"logo\":{\"@type\":\"ImageObject\",\"inLanguage\":\"de\",\"@id\":\"https:\\\/\\\/pfadfinther.de\\\/v1\\\/#\\\/schema\\\/logo\\\/image\\\/\",\"url\":\"https:\\\/\\\/pfadfinther.de\\\/v1\\\/wp-content\\\/uploads\\\/2023\\\/09\\\/Stammeslogo_bearbeitet.jpg\",\"contentUrl\":\"https:\\\/\\\/pfadfinther.de\\\/v1\\\/wp-content\\\/uploads\\\/2023\\\/09\\\/Stammeslogo_bearbeitet.jpg\",\"width\":761,\"height\":747,\"caption\":\"DPSG Mainz-Finthen - Pfadfinther\"},\"image\":{\"@id\":\"https:\\\/\\\/pfadfinther.de\\\/v1\\\/#\\\/schema\\\/logo\\\/image\\\/\"},\"sameAs\":[\"https:\\\/\\\/www.instagram.com\\\/pfadfinther\\\/\"]}]}<\/script>\n<!-- \/ Yoast SEO plugin. -->","yoast_head_json":{"title":"Unterwegs - DPSG Mainz-Finthen","robots":{"index":"index","follow":"follow","max-snippet":"max-snippet:-1","max-image-preview":"max-image-preview:large","max-video-preview":"max-video-preview:-1"},"canonical":"https:\/\/pfadfinther.de\/v1\/unterwegs\/","og_locale":"de_DE","og_type":"article","og_title":"Unterwegs - DPSG Mainz-Finthen","og_description":"F\u00fcr einen Pfadfinder der Deutschen Pfadfinderschaft Sankt Georg (DPSG) bedeutet &#8222;Unterwegs&#8220; zu sein, eine facettenreiche Reise durch Abenteuer, Teamarbeit und pers\u00f6nliche Entwicklung. Auf Hikes durchstreifen sie gemeinsam die Natur, erleben Herausforderungen und st\u00e4rken ihre F\u00e4higkeiten in Orientierung.Die Sommerlager sind H\u00f6hepunkte, in denen Pfadfinder tiefe Freundschaften kn\u00fcpfen, Lagerfeuergeschichten teilen und sich in Gemeinschaftsprojekten beweisen. Hier steht...","og_url":"https:\/\/pfadfinther.de\/v1\/unterwegs\/","og_site_name":"DPSG Mainz-Finthen","article_modified_time":"2024-01-12T07:36:35+00:00","twitter_card":"summary_large_image","twitter_misc":{"Gesch\u00e4tzte Lesezeit":"1\u00a0Minute"},"schema":{"@context":"https:\/\/schema.org","@graph":[{"@type":"WebPage","@id":"https:\/\/pfadfinther.de\/v1\/unterwegs\/","url":"https:\/\/pfadfinther.de\/v1\/unterwegs\/","name":"Unterwegs - DPSG Mainz-Finthen","isPartOf":{"@id":"https:\/\/pfadfinther.de\/v1\/#website"},"datePublished":"2021-07-13T20:39:31+00:00","dateModified":"2024-01-12T07:36:35+00:00","breadcrumb":{"@id":"https:\/\/pfadfinther.de\/v1\/unterwegs\/#breadcrumb"},"inLanguage":"de","potentialAction":[{"@type":"ReadAction","target":["https:\/\/pfadfinther.de\/v1\/unterwegs\/"]}]},{"@type":"BreadcrumbList","@id":"https:\/\/pfadfinther.de\/v1\/unterwegs\/#breadcrumb","itemListElement":[{"@type":"ListItem","position":1,"name":"Startseite","item":"https:\/\/pfadfinther.de\/v1\/"},{"@type":"ListItem","position":2,"name":"Unterwegs"}]},{"@type":"WebSite","@id":"https:\/\/pfadfinther.de\/v1\/#website","url":"https:\/\/pfadfinther.de\/v1\/","name":"DPSG Mainz-Finthen","description":"Pfadfinder Finthen Stamm Bruder Franz","publisher":{"@id":"https:\/\/pfadfinther.de\/v1\/#organization"},"potentialAction":[{"@type":"SearchAction","target":{"@type":"EntryPoint","urlTemplate":"https:\/\/pfadfinther.de\/v1\/?s={search_term_string}"},"query-input":{"@type":"PropertyValueSpecification","valueRequired":true,"valueName":"search_term_string"}}],"inLanguage":"de"},{"@type":"Organization","@id":"https:\/\/pfadfinther.de\/v1\/#organization","name":"DPSG Mainz-Finthen - Pfadfinther","alternateName":"Pfadfinder Finthen Stamm Bruder Franz","url":"https:\/\/pfadfinther.de\/v1\/","logo":{"@type":"ImageObject","inLanguage":"de","@id":"https:\/\/pfadfinther.de\/v1\/#\/schema\/logo\/image\/","url":"https:\/\/pfadfinther.de\/v1\/wp-content\/uploads\/2023\/09\/Stammeslogo_bearbeitet.jpg","contentUrl":"https:\/\/pfadfinther.de\/v1\/wp-content\/uploads\/2023\/09\/Stammeslogo_bearbeitet.jpg","width":761,"height":747,"caption":"DPSG Mainz-Finthen - Pfadfinther"},"image":{"@id":"https:\/\/pfadfinther.de\/v1\/#\/schema\/logo\/image\/"},"sameAs":["https:\/\/www.instagram.com\/pfadfinther\/"]}]}},"_links":{"self":[{"href":"https:\/\/pfadfinther.de\/v1\/wp-json\/wp\/v2\/pages\/54","targetHints":{"allow":["GET"]}}],"collection":[{"href":"https:\/\/pfadfinther.de\/v1\/wp-json\/wp\/v2\/pages"}],"about":[{"href":"https:\/\/pfadfinther.de\/v1\/wp-json\/wp\/v2\/types\/page"}],"author":[{"embeddable":true,"href":"https:\/\/pfadfinther.de\/v1\/wp-json\/wp\/v2\/users\/1"}],"replies":[{"embeddable":true,"href":"https:\/\/pfadfinther.de\/v1\/wp-json\/wp\/v2\/comments?post=54"}],"version-history":[{"count":5,"href":"https:\/\/pfadfinther.de\/v1\/wp-json\/wp\/v2\/pages\/54\/revisions"}],"predecessor-version":[{"id":235,"href":"https:\/\/pfadfinther.de\/v1\/wp-json\/wp\/v2\/pages\/54\/revisions\/235"}],"wp:attachment":[{"href":"https:\/\/pfadfinther.de\/v1\/wp-json\/wp\/v2\/media?parent=54"}],"curies":[{"name":"wp","href":"https:\/\/api.w.org\/{rel}","templated":true}]}}